0*((-21)/6 + 3). What is the greatest common factor of 30 and k?
10
Let y = 33 + -48. Let k be (-14)/(-4) - y/(-10). Let c = -43 + 61. Calculate the highest common divisor of k and c.
2
Let p(a) = -133*a. Suppose 3*q + 3 = -0*q. Let t be p(q). Suppose b - 18 = 1. Calculate the highest common divisor of t and b.
19
Let n be 4/6 + (-28)/6. Let r = 1 - n. What is the highest common factor of 20 and r?
5
Suppose 0 = 2*s + h - 187, -6*s = -7*s - 2*h + 95. Calculate the highest common factor of s and 31.
31
Let d be (-2 - (-7 - 0)) + 95. What is the highest common factor of d and 10?
10
Let x(m) = 2*m**2 - 9*m + 3. Let b be x(5). What is the greatest common factor of b and 200?
8
Suppose -2*x + 4*x - 22 = 0. Calculate the greatest common divisor of 99 and x.
11
Suppose 9*l = 84 + 87. What is the highest common divisor of 209 and l?
19
Let s = 6 + -4. Suppose 32 = -4*l + s*w, -4*l - 3*w - 29 - 13 = 0. Let f(u) = u**2 + 8*u + 7. Let c be f(l). Calculate the greatest common divisor of 4 and c.
4
Let b be (-2)/4 + 74/4. Let y = 46 + b. Let g = 19 - 11. What is the greatest common factor of y and g?
8
Let k = 0 - -3. Suppose 2*w + 0*h + k*h = 84, 100 = 3*w - 2*h. Suppose -z + 4*z = w. Calculate the highest common factor of z and 120.
12
Let t be 2/11 + (-318)/(-66). Suppose -5*q + j = 4*j - 21, -42 = -t*q + 4*j. What is the greatest common divisor of q and 24?
6
Suppose 3*u = 2*u + 3. Suppose 0 = -u*w - 13 + 28. Let y(g) = -g**3 + g**2 + 4*g + 1. Let j be y(-3). What is the greatest common factor of w and j?
5
Suppose 0 = 2*j - d - 163, -6*j + 11*j = -4*d + 388. What is the greatest common factor of 120 and j?
40
Let x(i) = 35*i**3 - i**2 + 2*i - 1. Let r be x(1). Let m(v) = -v**3 + 2*v**2 - 2. Let l be m(-2). Calculate the highest common factor of r and l.
7
Let i be (6 - (-5 + 2)) + (-3)/1. Calculate the greatest common factor of i and 12.
6
Suppose -4*x + p = -2*p - 56, 0 = x - 5*p - 14. Let l = x + -11. Calculate the highest common divisor of l and 3.
3
Let l(s) = -s**3 - 15*s**2 - 18*s - 30. Let n be l(-14). What is the greatest common divisor of 208 and n?
26
Let l be 12/(-54) + 3/((-27)/(-236)). Calculate the highest common factor of l and 13.
13
Let o be -4*(-1 + 0) + -1. Let k = -353 - -377. What is the highest common factor of o and k?
3
Let y be 1*0/(-4) + 15. What is the highest common factor of y and 165?
15
Let r be ((-4)/(-2))/(3*(-2)/(-9)). Calculate the greatest common divisor of 15 and r.
3
Let x(v) = -6*v**3 - v. Suppose 0*q = 4*q + 2*r + 4, -2*q + 4*r = 2. Let p be x(q). What is the greatest common divisor of 1 and p?
1
Suppose 0 = 3*b + 4*y - 162, -6*b + b + 2*y + 270 = 0. Let m = -2 + 8. What is the highest common factor of m and b?
6
Let m = 23 - 3. Calculate the greatest common divisor of 10 and m.
10
Suppose 5*b + 5*r + 0*r - 55 = 0, 2*b + r - 20 = 0. Calculate the greatest common factor of 45 and b.
9
Suppose 5*k = 2*p - 22, 4*k = -3*p - 0*p + 10. Calculate the greatest common divisor of 42 and p.
6
Let u(t) = -2*t**3 - 7*t**2 + 5*t + 3. Suppose 0*x - 3*x = -4*c - 39, 0 = -c - 5*x + 19. Let j be u(c). What is the highest common divisor of j and 17?
17
Let f = -11 - -20. Let r = f + -1. Let k(c) = c**3 + 9*c**2 - 13*c + 10. Let i be k(-10). What is the highest common divisor of i and r?
8
Suppose -m - 2*m = 5*h + 4, -4*h = -2*m + 12. Let v = 25 + m. What is the greatest common factor of 9 and v?
9
Let w(d) = d - 4. Let t be w(9). Let f(u) = -2*u**2 + 4*u - 3. Let p be f(t). Let h be (-46)/(-11) + 6/p. Calculate the highest common divisor of h and 32.
4
Let t be ((-40)/28)/((-2)/28). Calculate the greatest common divisor of t and 10.
10
Let p be 0 + 2 - (-4 - 22). Let x = -9 + 9. Let y be 2 + -1*(x - 2). Calculate the highest common divisor of y and p.
4
Let o = -15 + 21. Let g(j) = j**2 + j - 2. Let d be g(o). What is the highest common factor of 100 and d?
20
Suppose 0 = -p + 14 + 160. Let d = -99 + p. Let z = 78 - 63. Calculate the greatest common factor of d and z.
15
Let t(s) = -s**2 - 7*s + 10. Let j be t(-8). Calculate the highest common factor of 5 and j.
1
Let l = 183 - 93. Suppose -3*m - 59 = -5*c, 0 = -3*c + 4*m + 15 + 27. Calculate the highest common divisor of c and l.
10
Let o(p) = -p**3 + 3*p**2 - p + 3. Let q be o(3). Suppose b - 4*s - 12 - 19 = q, -4*b + 2*s = -68. Calculate the greatest common divisor of b and 10.
5
Suppose 295 - 34 = 5*c - 3*p, -3*c = -5*p - 147. What is the highest common factor of 6 and c?
6
Let h = -9 - -15. What is the greatest common divisor of 66 and h?
6
Let d be -13*(0/(-1) + -4 + 3). What is the highest common factor of 117 and d?
13
Suppose 3*c = 3*x + 12, -c - 3*c - 16 = 0. Let p = x + 21. Calculate the highest common factor of p and 13.
13
Let s be ((-8)/(-10))/(4/10). Suppose -s*z + 42 = z. Calculate the greatest common divisor of 2 and z.
2
Suppose -2 - 180 = -2*f. Suppose -f = -b - 0*b. Let v(l) = l**2 + l - 7. Let o be v(-5). Calculate the greatest common divisor of b and o.
13
Let c be ((-2)/(-3))/(8/12). What is the highest common factor of c and 4?
1
Let s(o) = o**3 + 8*o**2 + 5*o - 3. Let v be s(-7). What is the greatest common divisor of 33 and v?
11
Let v be 36/2 - (1 + -1). What is the greatest common factor of 3 and v?
3
Let v(d) be the third derivative of 61*d**4/24 - d**3/3 - d**2. Let p be v(2). Let y be (-228)/(-20) + (-9)/(-15). What is the highest common factor of p and y?
12
Let a = -128 + 132. What is the highest common divisor of a and 8?
4
Suppose 5*s - 76 = 2*g, -2*s - 3*g = g - 40. Suppose h + 2*x + 8 = -0, -5*x = h + 23. What is the greatest common factor of h and s?
2
Let n be -3 + 2 + (2 - -23). Let o be n/20*(-140)/(-3). Suppose 8 + o = 4*u. What is the greatest common divisor of u and 4?
4
Let v(l) = 14*l**3 + 2*l**2 - 1. Let b be v(1). Suppose -2*c + 2*y + 24 = 0, -2*c - 4*y = 4 - 16. Calculate the highest common factor of c and b.
5
Let r be (-8)/(-3)*(-468)/(-8). What is the greatest common divisor of 26 and r?
26
Let q be ((-10)/6)/(3/(-9)). Suppose -z = -q*z - 8. Let r be 4/(-2) - (z - 2). Calculate the highest common factor of r and 10.
2
Let x be (-9)/6*4*-8. Calculate the greatest common divisor of x and 6.
6
Let o(k) = 3*k**3 - k**2 + k - 1. Let a be o(1). Suppose 5*h + 4*l - 74 = 69, h = a*l + 23. Calculate the greatest common factor of 243 and h.
27
Let o(q) = -2*q**2 - 11*q - 5. Let l be o(-4). Calculate the greatest common divisor of l and 14.
7
Let d be (-43 + 33)/(-1 + (-2)/2). What is the highest common factor of 10 and d?
5
Suppose -8*w = -3*w. Suppose -b + 10 = -w*b. Suppose -3*p = 4*i - 75, i + 0*i - 35 = -4*p. What is the highest common factor of b and i?
5
Let p(f) = -f**3 + 6*f**2 + 6*f + 13. Let x be p(7). Calculate the highest common divisor of 66 and x.
6
Let k be 3/(-9) - 30/(-9). Suppose 12 = k*y - 0*y. Let v be y/(-16) + (-18)/(-8). What is the greatest common factor of 16 and v?
2
Suppose 2*r - 13*r = -297. What is the highest common factor of 135 and r?
27
Let c = 22 + -13. Let b = c + -5. Suppose -2*s + 92 = 2*j - 6*s, 0 = -4*j + 4*s + 164. What is the greatest common factor of j and b?
4
Let p be (-3 - -2)/(1/4). Let m = p - 2. Let u be (-2)/((m/81)/1). Calculate the highest common divisor of 9 and u.
9
Let d(q) = -q**3 - 2*q**2 - q - 3. Let a be d(-3). Let g = -7 + a. Calculate the highest common divisor of 10 and g.
2
Let n = 10 + -23. Let s = -3 - n. Let w be 82/8 + (-1)/4. Calculate the greatest common factor of s and w.
10
Suppose 7*z - 13*z = -216. Calculate the greatest common factor of z and 48.
12
Suppose -b = -n + 3*b - 22, 2*b = -4*n + 2. Let a = -1 - n. Let q be (a - 1 - -4) + 2. What is the highest common divisor of q and 9?
3
Let q(o) = -o + 7. Let r be q(5). Let x(h) = 5*h**2 + h + 2. Let f be x(r). What is the greatest common factor of f and 8?
8
Let g(r) = -r**2 + 9*r + 1. Let v be g(9). Let f = 21 + v. What is the greatest common factor of 33 and f?
11
Suppose 0 = 2*g - 3*g + 7. What is the highest common divisor of 56 and g?
7
Suppose -5*b + b = -136. Calculate the highest common factor of b and 34.
34
Let x be 0 + -12*(-8)/6. Let h = x + -6. Suppose p + 100 = 5*p. What is the greatest common factor of p and h?
5
Suppose 0 = 5*h + 4*z - 109, 0 = 5*h + 2*z + 3*z - 105. Suppose 3*v = 3*r - 27 - 342, -6